t is the value of 3 - ((1 - -2) + 11 + -14)?
3
-7 + (1 + 2 + -3 - -2)
-5
What is the value of -2 + (1 - (0 - 0)) + 2?
1
Calculate 1 - -1 - 4 - 0.
-2
What is the value of 3 + 0 + -6 + 1?
-2
(-5 - -4 - -9) + 1 + -4
5
What is the value of 7 + 2 + 1 + -5?
5
Calculate (0 - -2) + -4 + 1.
-1
(-5 - 1) + (6 - -1)
1
What is 5 + -2 - 1 - -2?
4
Calculate -2 + (5 - 2) - (2 - -3).
-4
9 - -3 - (9 - 3)
6
Calculate -2 + (2 - (3 - 7 - -1)).
3
What is -9 - (1 - (2 - -3))?
-5
(-1 - 3) + -1 + 9
4
-30 + 18 - (7 + -14)
-5
What is 2 + 4 + -3 + -1?
2
Calculate (-18 - -30 - 13) + 2 + -1.
0
1 + 1 - (-12 - -7)
7
What is the value of 3 - (2 + (4 - 4) + 2)?
-1
-1 - (6 - 4 - 1)
-2
Calculate 7 + 6 + 3 + -18.
-2
What is (-1 - 0) + -12 + (-8 - -23)?
2
Evaluate (-3 - 1) + (-1 - -8).
3
What is the value of (-2 - 1) + -8 + 16?
5
(3 - -10) + -13 - (-1 + -2)
3
Calculate 19 + -20 - -5 - (1 + -2).
5
Evaluate 1 + (-4 - 0) + (-3 - -7).
1
Evaluate (-1 - -1) + 0 - (-22 - -27).
-5
What is (4 - (-2 + 3 - 6)) + -4?
5
What is the value of 7 - 0 - 10 - -7?
4
Evaluate 4 + (-4 - -1) + -7.
-6
(0 - 1 - -1) + -3 - 2
-5
2 - 2 - (4 + -4)
0
What is the value of -4 - (10 + (-4 - 15))?
5
What is -1 + -4 - (11 + -10)?
-6
Evaluate -3 + (6 + (-2 - 0) - 6).
-5
Calculate 0 - 1 - (-8 - -5).
2
Evaluate 0 - (-3 - -1 - (49 - 55)).
-4
9 + -5 + (-4 - -5)
5
-7 + 10 - (-1 - (1 + -3))
2
What is 2 - (-6 - (-2 + 1))?
7
5 - (8 - 5 - 2) - 10
-6
What is -1 - (1 - -1 - 1)?
-2
Evaluate -17 - (-7 + 19 + -24).
-5
Calculate 5 + (6 - (7 + -7 + 5)).
6
Calculate 1 - 6 - -8 - (-1 + 1).
3
What is -7 + 2 + 3 + 1 - -9?
8
Evaluate (-1 - -2) + 2 + (102 - 102).
3
Evaluate -8 + 5 + (2 - 2).
-3
Evaluate (8 - 3) + 1 + -2.
4
What is 8 + -3 + -3 - 3?
-1
Evaluate 21 + -18 - (-1 + 0).
4
What is -6 + 5 + (3 - 5 - -2)?
-1
What is the value of 8 - (6 - (-5 + 9 + -6))?
0
(-1 - (2 + -8)) + 9 + -19
-5
What is the value of (2 - (-3 + (-4 - -6))) + -3?
0
What is 3 + 0 - (-30 + 34) - 1?
-2
Evaluate -9 - (-9 + (-12 - -11)).
1
-4 - -3 - (-2 + 10 - 11)
2
-5 + (2 - ((3 - 1) + -6))
1
What is (-12 - 0 - -7) + 1?
-4
What is the value of 12 + -3 + -4 - (-8 + 7)?
6
Evaluate -5 + -1 + (0 + -2 - -1).
-7
Evaluate (-3 - -3) + -1 + -4 + 5.
0
(2 - ((-1 - 1) + 2)) + 0
2
(1 - -4) + 6 + -4
7
What is the value of -3 + 1 + (3 - (0 - 1))?
2
Calculate 9 + (-17 - -7) + 1.
0
What is the value of 9 - (7 + 1 + -4)?
5
2 - 3 - (3 + -7 - -7)
-4
Evaluate -131 + 137 - (1 - (1 - 0)).
6
Calculate (4 - 8) + 2 + 4.
2
Calculate -1 + 0 + 4 - (20 - 18).
1
Evaluate 4 + -2 + 1 + -3 - -3.
3
What is the value of -1 + 0 - (-11 - -10) - -1?
1
4 + (2 - 1) + -5 + -1
-1
Evaluate -31 + 7 + -1 - -15.
-10
Evaluate (-9 - -4) + 12 - 13 - 3.
-9
Evaluate (-4 - -5 - 7) + 7.
1
What is 13 + -11 + (9 - 4)?
7
Calculate 14 - 4 - (-3 + 9).
4
What is the value of (-2 - (-2 + 1)) + 2 - 2?
-1
Evaluate 5 - ((-1 - 0) + 1 + 3).
2
Evaluate -5 - (-8 - (1 - -2)) - 4.
2
What is the value of -6 - 8 - -14 - (-1 - 2)?
3
-4 - -3 - (-1 + -3) - 6
-3
What is 2 + (10 + -13 - 7)?
-8
Evaluate -1 + -2 + -4 - (2 + -5).
-4
What is the value of 0 - 3 - (22 + -33)?
8
-100 - -103 - (1 + 11)
-9
Calculate 1 + (-1 - (0 + -1)) - -1.
2
-7 + 11 - 4 - 4
-4
What is the value of (2 - (4 + -2)) + -1 + 5?
4
Calculate (2 - (12 + -4)) + 4 + 2.
0
Evaluate 2 + (2 - (-2 + 4)) - 4.
-2
What is -4 + (-8 - -13) - -1?
2
What is -3 - ((-2 - (2 + 1)) + 6)?
-4
Evaluate -40 + 33 - (2 + -10 - 1).
2
12 - 21 - (3 - 11)
-1
Evaluate (2 - 2) + -9 + (5 - 1).
-5
Evaluate 5 + (-2 - 7) + 6.
2
What is (3 - 4) + -4 + 4?
-1
-4 + (6 - 4) + 2 + -1
-1
What is the value of -3 + 7 + -5 + 1 + 3?
3
What is 1 + -3 + 1 + -115 + 121?
5
10 - (-8 + (2 - -24))
-8
Evaluate (-23 + 12 - -5) + (2 - 0).
-4
What is -7 - (-10 + -5 + 6)?
2
(2 - 0) + -6 + -28 + 37
5
(1 + -9 - -8) + 1
1
What is 4 + (4 - 12) + 9?
5
What is 8 + (5 - 7) + -3?
3
-9 + 10 + 2 + -6 - 2
-5
-5 + 1 + (-3 + 7 - 1)
-1
Calculate -3 - ((-1 + 0 - 2) + -1).
1
What is the value of -6 + 1 + 4 - 1?
-2
Calculate 3 + -1 + (-12 - -8).
-2
What is 2 - (1 - 0) - 5?
-4
What is (-7 - 0) + 11 + (-4 - 2)?
-2
Calculate (-1 - (3 + -1)) + (-2 - -10).
5
Evaluate -4 + 0 - (1 - (2 - -1)).
-2
What is the value of 0 + (-1 - (-3 + 3 + -2))?
1
Calculate 5 + -4 + -5 + 3.
-1
What is -7 + 2 - (4 - 4 - 0)?
-5
What is the value of -5 + 3 + -2 + -2 - -2?
-4
Calculate 6 + -3 - (2 - (4 + 4)).
9
6 + -1 + 6 + -8 + -2
1
Calculate (-10 - -6) + -2 + 12.
6
What is -9 + 2 - (7 - 8)?
-6
What is the value of 1 + 0 - (1 + (4 - 8))?
4
Calculate 2 - 5 - (0 - 8).
5
Calculate -9 - -18 - (-4 + 6).
7
Calculate -3 + (8 - 8) + 7.
4
Evaluate -3 - (-7 + 1 + 3 + 0).
0
What is the value of -1 + 3 - (3 + 0) - 3?
-4
Evaluate -6 - (-2 + 3 + -8).
1
Calculate (2 - (4 - 7)) + (-3 - -4).
6
Evaluate 0 - (4 - 0 - (2 - 2)).
-4
What is (5 + -1 - -2) + (-398 - -383)?
-9
What is the value of 7 + -2 + -2 + 2?
5
-2 + (11 + 1 - 12)
-2
(3 - -7) + -6 - 8
-4
What is the value of 4 - (2 - 2 - -3 - -6)?
-5
What is the value of -13 + 16 + -3 + 9?
9
What is the value of -3 + (1 - -3) - -3?
4
What is the value of (29 - 17) + (-7 - -1) - -1?
7
Calculate -2 - (0 - 9 - 1).
8
What is 2 + 6 - (4 + -1)?
5
Evaluate 1 - (3 - (2 + 0)).
0
What is the value of 8 - (5 + 7 + -6)?
2
What is the value of 2 - 2 - (-3 + 3)?
0
Calculate -2 + (-4 - 1 - -10) + -1.
2
Calculate 1 - -9 - (4 - (-2 + 0)).
4
What is the value of (18 - 14) + 0 + 1 + -1?
4
Calculate 3 + -2 - (-1 + 4).
-2
What is the value of 10 + (-4 - -5) + (-2 - 4)?
5
What is -8 - -3 - -3 - (2 - 1)?
-3
What is -1 + (2 + 5 + 2 - 4)?
4
What is (-3 - 1) + (-5 - (0 - 2))?
-7
Evaluate 6 - -2 - (8 + -8 + -3).
11
What is -3 + -4 + -2 + 14?
5
Calculate 4 + -8 + 7 + -3.
0
Evaluate -3 - (0 - 1 - (3 - 2)).
-1
What is the value of 1 + -6 - (-14 + 8)?
1
Calculate (0 + -8 - -29) + -11.
10
What is 3 + -4 - (-3 + -2)?
4
Calculate 5 + -5 + 6 + -3.
3
What is the value of 0 + (1 - 1 - -3)?
3
What is the value of (-1 - 1 - -3) + 15 + -13?
3
What is 4 - (7 - 15 - -13)?
-1
Evaluate (5 - (4 - 0)) + -4.
-3
What is 4 + 1 - 8 - -11?
8
What is -5 + (4 - 4) - -2?
-3
Evaluate (21 - 2) + -17 + 5.
7
What is -1 + -2 + (5 - 2) + 3?
3
Evaluate -4 + 0 + 6 - -2 - 10.
-6
-2 + (4 - 0) - 4
-2
-34 - -33 - (-3 + (-2 - -2))
2
Calculate -2 + (2 - -4) + -4.
0
Calculate -8 - (-1 - (2 + 0)).
-5
(-2 - ((4 - 6) + 4)) + 8
4
What is the value of 6 + (7 - 1) + 29 + -38?
3
What is 10 - 4 - (0 - 0)?
6
What is (8 - 1) + -5 + -2?
0
What is the value of -4 + (2 - (-7 - -6 - 3))?
2
Evaluate -5 - (-3 + 3 + 3).
-8
Evaluate 1 + -3 + 4 + -2 + 1.
1
Evaluate 1 + (2 - 5) + (0 - 6).
-8
Calculate (2 - 1) + 6 + (9 - 19).
-3
What is -2 - (-13 + 4 - -6)?
1
What is (5 - 8) + -2 + -15 + 9?
-11
Evaluate -6 + (12 + -10 - 5).
-9
What is -2 - (1 - (0 - (-2 - -2)))?
-3
Evaluate 3 - 8 - (-4 - -2).
-3
Evaluate 2 - (0 + -2 - -6).
-2
3 - (-1 - 0) - (-17 + 19)
2
What is (10 - 1) + -4 + -4?
1
What is the value of -13 + 15 - (2 - -1)?
-1
0 + (-4 - -3) + 1 + -2
-2
What is 2 + -1 + -23 + 19 - -1?
-2
What is 1 + (1 - 3) + (4 - 2)?
1
What is (-15 + 6 - -5) + (-5 - -1)?
-8
Evaluate -1 + (6 - (2 - (-1 + -1))).
1
Evaluate -9 + 8 + (-2 - (3 - -2)).
-8
What is (14 - 7 - 3) + 2?
6
What is the value of -6 - -1 - (4 - 7)?
-2
Calculate -4 + (2 + -2 - -3) + -1.
-2
Evaluate 5 + -12 + 9 + 7.
9
What is (-4 + 6 - (-2 - -2)) + -2?
0
Calculate (1 + 0 - 3) + (73 - 62).
9
What is (5 - (9 - -3)) + 10?
3
What is -6 + 0 + (5 - 4) + 3?
-2
Evaluate -4 + (-11 - -10) - (-6 - -1).
0
What is the value of 12 + 11 + -1 + -12?
10
What is the value of 1 + -6 + 3 + 2?
0
-5 + 5 + -5 + 0
-5
What is -2 + (2 + -4 + -1 - -3)?
-2
What is 9 + (-4 - 15) - (-4 + -2)?
-4
(-1 - -3 - 2) + -3 + 3
0
Evaluate (4 - -6) + 0 - 5.
5
Evaluate (2 - -3) + (-12 - -1).
-6
What is the value of 0 + 10 + (-4 - 2)?
4
What is 2 + (5 - -2) + -11?
-2
Evaluate 7 - (0 + (13 - 7 - -3)).
-2
What is (-24 - -26) + -2 + 2?
2
(-4 - -1 - -2) + 1
0
Evaluate -5 - 1 - (-18 - -16).
-4
What is -3 + (11 + -1 - 5)?
2
What is the value of -4 + (9 - -2) - 6?
1
Calculate -5 - (7 - 7) - -3.
-2
What is (7 - 9) + 3 - (-1 + -1)?
3
What is 2 + 13 + -11 - 4?
0
(-1 - (-2 - -4)) + (-9 - -7)
-5
(0 - 12) + 18 - (15 + 0)
-9
What is (-2 - -6) + (69 - 67)?
6
Evaluate -5 + 4 + -1 + (1 - 2).
-3
Evaluate -1 + 1 - (-22 - -18).
4
What is the value of (-5 - -9) + -2 - 5?
-3
What is the value of (-3 - 2 - 2) + 2 + 1?
-4
-7 + (1 - -5) + 9
8
Cal